mmon divisor of 374 and 572?
22
What is the highest common divisor of 9 and 69?
3
What is the highest common factor of 546 and 1248?
78
What is the highest common factor of 70 and 17276?
14
What is the highest common divisor of 13 and 30901?
13
What is the highest common divisor of 3 and 579?
3
What is the highest common factor of 1334 and 92?
46
What is the highest common divisor of 8 and 30?
2
What is the greatest common factor of 86 and 129?
43
Calculate the greatest common divisor of 144 and 72.
72
What is the highest common factor of 516 and 12?
12
What is the greatest common factor of 176 and 913?
11
Calculate the highest common factor of 46 and 1081.
23
What is the greatest common factor of 468 and 27?
9
What is the highest common factor of 10 and 10?
10
Calculate the greatest common divisor of 62 and 899.
31
What is the greatest common factor of 144 and 80?
16
What is the highest common factor of 11 and 352?
11
What is the highest common divisor of 57 and 589?
19
What is the highest common factor of 12 and 10308?
12
What is the highest common factor of 150 and 120?
30
Calculate the greatest common factor of 190 and 50.
10
Calculate the highest common factor of 118 and 1711.
59
Calculate the highest common factor of 35 and 455.
35
What is the highest common divisor of 13 and 16081?
13
What is the greatest common factor of 90 and 288?
18
What is the highest common factor of 1704 and 3621?
213
Calculate the highest common factor of 2173 and 53.
53
What is the greatest common divisor of 64 and 54?
2
Calculate the highest common divisor of 21 and 679.
7
What is the highest common divisor of 64 and 1?
1
Calculate the greatest common divisor of 567 and 231.
21
What is the greatest common factor of 232 and 5974?
58
What is the greatest common divisor of 1586 and 3233?
61
Calculate the highest common factor of 4 and 524.
4
What is the highest common divisor of 296 and 17612?
148
Calculate the highest common factor of 9440 and 240.
80
What is the highest common factor of 16 and 1916?
4
What is the highest common factor of 2831 and 19?
19
Calculate the greatest common divisor of 858 and 11.
11
What is the greatest common factor of 350 and 21?
7
What is the greatest common factor of 240 and 90?
30
Calculate the highest common factor of 1206 and 670.
134
Calculate the highest common factor of 35 and 5005.
35
What is the highest common factor of 5320 and 304?
152
Calculate the highest common divisor of 1498 and 14.
14
Calculate the greatest common divisor of 8 and 424.
8
What is the greatest common divisor of 21 and 1281?
21
Calculate the greatest common factor of 3744 and 54.
18
What is the highest common divisor of 1349 and 142?
71
Calculate the greatest common factor of 87 and 290.
29
What is the highest common divisor of 245 and 21?
7
What is the greatest common divisor of 1 and 179?
1
Calculate the highest common factor of 59 and 1.
1
Calculate the highest common factor of 462 and 238.
14
Calculate the greatest common factor of 28 and 1673.
7
Calculate the highest common factor of 19 and 57.
19
Calculate the highest common factor of 896 and 280.
56
What is the greatest common divisor of 11 and 231?
11
What is the highest common divisor of 11 and 803?
11
Calculate the greatest common divisor of 35 and 560.
35
What is the greatest common divisor of 279 and 5487?
93
Calculate the highest common divisor of 16 and 216.
8
Calculate the greatest common divisor of 140 and 532.
28
Calculate the highest common divisor of 3 and 42.
3
What is the greatest common factor of 553 and 632?
79
Calculate the greatest common divisor of 689 and 106.
53
What is the greatest common divisor of 36 and 12?
12
Calculate the greatest common factor of 140 and 112.
28
What is the highest common factor of 3683 and 29?
29
What is the highest common factor of 36 and 198?
18
What is the highest common factor of 10 and 3695?
5
Calculate the highest common factor of 196 and 28.
28
What is the greatest common divisor of 1 and 11?
1
What is the highest common factor of 1920 and 180?
60
What is the highest common factor of 390 and 90?
30
What is the highest common factor of 79 and 3397?
79
What is the highest common factor of 21 and 2394?
21
Calculate the highest common divisor of 19688 and 368.
184
What is the highest common divisor of 28 and 133?
7
Calculate the highest common factor of 476 and 56.
28
What is the greatest common divisor of 93 and 93?
93
What is the greatest common divisor of 201 and 5092?
67
What is the greatest common factor of 5129 and 1?
1
What is the greatest common factor of 3286 and 106?
106
What is the greatest common factor of 51 and 6?
3
What is the highest common factor of 323 and 228?
19
What is the highest common factor of 73 and 2?
1
Calculate the highest common divisor of 5730 and 10.
10
What is the highest common divisor of 378 and 270?
54
Calculate the highest common divisor of 4279 and 44.
11
What is the greatest common divisor of 300 and 96?
12
Calculate the highest common factor of 88 and 187.
11
Calculate the greatest common divisor of 256 and 320.
64
What is the highest common divisor of 2920 and 160?
40
Calculate the greatest common factor of 408 and 3128.
136
What is the greatest common divisor of 4 and 362?
2
What is the highest common factor of 1476 and 144?
36
Calculate the greatest common divisor of 145 and 35.
5
Calculate the greatest common divisor of 8624 and 49.
49
What is the greatest common divisor of 55 and 5?
5
What is the highest common divisor of 1104 and 204?
12
Calculate the highest common factor of 143 and 3377.
11
What is the highest common factor of 1599 and 246?
123
Calculate the greatest common divisor of 2 and 194.
2
Calculate the greatest common factor of 525 and 60.
15
What is the highest common divisor of 175 and 35?
35
Calculate the highest common divisor of 95 and 133.
19
What is the greatest common factor of 7136 and 32?
32
Calculate the greatest common factor of 1350 and 9.
9
What is the greatest common factor of 4 and 236?
4
Calculate the highest common divisor of 1586 and 549.
61
Calculate the greatest common divisor of 5150 and 100.
50
What is the greatest common divisor of 56 and 7000?
56
What is the highest common factor of 19 and 19?
19
What is the highest common divisor of 414 and 483?
69
Calculate the highest common factor of 529 and 138.
23
Calculate the highest common factor of 22 and 9328.
22
What is the highest common factor of 3 and 11?
1
Calculate the greatest common divisor of 62 and 93.
31
What is the highest common factor of 8 and 64?
8
Calculate the highest common factor of 5372 and 68.
68
Calculate the greatest common factor of 84 and 24.
12
What is the highest common divisor of 61632 and 9?
9
What is the greatest common divisor of 64 and 8?
8
What is the greatest common divisor of 8 and 200?
8
What is the greatest common divisor of 120 and 210?
30
Calculate the highest common divisor of 1169 and 126.
7
Calculate the greatest common factor of 190 and 230.
10
What is the highest common divisor of 6216 and 84?
84
Calculate the highest common factor of 975 and 351.
39
Calculate the greatest common divisor of 246 and 66.
6
What is the highest common factor of 112 and 42?
14
Calculate the greatest common factor of 175 and 7.
7
Calculate the highest common divisor of 3809 and 26.
13
What is the greatest common factor of 517 and 407?
11
What is the highest common factor of 5 and 31?
1
Calculate the highest common divisor of 16 and 3768.
8
Calculate the greatest common divisor of 15 and 3.
3
Calculate the highest common factor of 1971 and 6.
3
What is the greatest common divisor of 18 and 354?
6
What is the highest common divisor of 30 and 990?
30
Calculate the greatest common divisor of 64 and 576.
64
What is the greatest common factor of 1377 and 162?
81
Calculate the highest common factor of 1628 and 88.
44
What is the greatest common divisor of 4160 and 390?
130
What is the greatest common divisor of 2479 and 134?
67
What is the greatest common factor of 259 and 148?
37
Calculate the greatest common factor of 1001 and 455.
91
Calculate the highest common factor of 8 and 328.
8
What is the greatest common divisor of 270 and 10?
10
What is the highest common divisor of 56 and 504?
56
Calculate t